 n(-6). Let h = d + -6. Is 14/4 + 3/h a composite number?
True
Let f = 12 + -9. Is ((-37)/f)/((-2)/6) composite?
False
Is (5 - 4/2) + 1077*2 prime?
False
Suppose 2*q - 339 = -q - 3*j, j = -4*q + 452. Let p = 166 - q. Is p a composite number?
False
Let t(h) = 17*h**2 + 6*h - 17. Is t(-10) prime?
False
Let l(c) = -c**2 - 1. Let m(z) = -7*z**2 - 15*z - 5. Let k = 5 + -4. Let n(w) = k*m(w) - 6*l(w). Is n(-9) prime?
False
Let s be 7 + (1 - 2 - -3). Suppose -4*i = s + 7. Is (i/(-6))/(10/705) a prime number?
True
Suppose -2*y + 90 = -0*y. Let b = 98 - y. Is b a composite number?
False
Suppose 0*s = 2*z - s + 1, 3*z = -3*s + 12. Let n(j) = -10*j**3 + j**2 - 1. Let v be n(z). Is 22/(1 + 6/v) prime?
False
Let f be 160/(-12)*(-24)/2. Let l = 245 - f. Is l composite?
True
Let t = 732 - 51. Is t a prime number?
False
Suppose 42996 = 3*u + 3*p, 0*p - 5*p - 28636 = -2*u. Is u/88 + (-2)/(-11) a composite number?
False
Let o be 15/9*(29 - -1). Let j be (o/(-6))/(1/(-3)). Suppose -4*h + j - 97 = -4*m, 3*h = -3*m + 24. Is m composite?
False
Let t(u) = 29*u - 20. Is t(17) prime?
False
Let i(a) = 14*a - 5. Suppose -7 = -2*j + 3. Let t be i(j). Let r = 168 - t. Is r prime?
True
Let c(l) be the second derivative of l**6/45 - l**5/60 + l**4/24 + l**3/6 - 2*l. Let y(m) be the second derivative of c(m). Is y(-3) prime?
True
Let x(y) = -y**3 - 15*y**2 - 11*y - 37. Is x(-16) a composite number?
True
Let z = -1 + 3. Suppose -4*h + 6*h = 8. Suppose h*y - b - 166 = z*y, -83 = -y + 2*b. Is y a prime number?
True
Suppose 35 - 5 = -5*t. Let l(z) = -3*z**3 - 2*z**2 - 4*z - 13. Is l(t) prime?
True
Let l be 4/14 - (-9936)/14. Suppose -5*q = -3*i + l, -i - 475 = -3*i + 5*q. Suppose -4*c + i = c. Is c prime?
True
Let n be (18/(-3))/2 + -9. Let v be 1/4 + (-69)/n. Suppose 0 = v*s - s - 115. Is s a composite number?
False
Let s(n) = 3*n + 14*n**3 + 13*n**2 - 14 + 2*n + n - 13*n**3. Is s(-12) a prime number?
False
Let b = -547 - -1316. Is b a prime number?
True
Let n(m) = -m**2 + 8*m + 1. Let q be n(8). Let v be (552/(-15))/(q/(-10)). Suppose 0 = -2*a - 2*a + 3*z + v, 0 = -5*z + 20. Is a a composite number?
True
Suppose -104 = -3*q - 539. Let s = q - -736. Is s prime?
False
Let f(k) = -k**2 + 3*k + 3. Let x be f(-2). Let c = x + 14. Is c a composite number?
False
Let z(m) = -m**3 - 4*m**2 - 4*m - 2. Is z(-5) prime?
True
Let t(y) = -5*y**3 - 7*y**2 - 4*y + 1. Let o be t(-4). Suppose 3*p - n = 2*n + o, -4*p + 305 = n. Suppose 0 = -0*g - 4*g + p. Is g prime?
True
Let g = -68 - -128. Suppose g + 9 = 3*n. Is n a prime number?
True
Let m(l) = -l**2 - 8*l - 6. Let q be m(-8). Let c(x) = x**2 + x + 5. Is c(q) composite?
True
Suppose 0 = -4*h - 4*o + 4, 2*h + 2*h + 3 = 3*o. Let m(j) = -j. Let y(d) = d**2 + 2*d - 57. Let c(t) = -2*m(t) - y(t). Is c(h) a prime number?
False
Let a = -190 + 1232. Is a composite?
True
Suppose -4*g = -1287 - 709. Let r = g + -342. Is r a prime number?
True
Let l(g) = 260*g**3 - g**2 - 2*g + 1. Is l(2) a prime number?
False
Let j = -44 + 331. Is j a prime number?
False
Let s be -5 - (0 - (3 + -2)). Is 2274/s*(-6)/9 a prime number?
True
Is 177*(30/9 - 3) a prime number?
True
Let m be ((-6)/(-4))/(12/16). Let f = m - 0. Suppose -c = -f*o + 158, 8 = -c - c. Is o a composite number?
True
Suppose 38 = -b - 22. Let y = b - -97. Let k = y + -15. Is k prime?
False
Let f(u) = -2*u**2 + 3*u. Let z be f(3). Is (-2)/(-3) - 21/z a prime number?
True
Suppose 0 = -4*z + 5*y + 117 + 99, -y = -4. Is z a prime number?
True
Let h = 239 - 436. Let k = -70 - h. Is k a composite number?
False
Suppose 3164 = 9*x - 2*x. Suppose 0 = -z - 4, 2*o - 2*z - x = 378. Is o composite?
True
Suppose -5*f = 2*r - 6, 2*f + 2*f - 15 = -5*r. Suppose 85 = -0*k + r*k - 5*t, -5*t = 3*k - 125. Is k a prime number?
False
Suppose 0 = 5*w - 6*x + x - 3380, 0 = 2*w + x - 1355. Is w a prime number?
True
Let h(n) = -n**3 + 8*n**2 - 3*n - 5. Let j = -13 - -33. Suppose 4*t = -0*t + j. Is h(t) a prime number?
False
Let i(y) = 317*y + 12. Is i(5) composite?
False
Is (106/4)/(6/84) a prime number?
False
Let v(j) = -2*j + 2. Let r be v(2). Let d(q) = -q**3 - q**2 + 3*q + 3. Let p be d(r). Is (2 + 10 + -1)/p a prime number?
True
Is 10/(-20) - (-12198)/4 a prime number?
True
Suppose 5*x = 4*x + 2. Is -1 - (x + -17*2) prime?
True
Let t be ((-3456)/30)/(2/(-65)). Is 2/(t/1869 - 2) prime?
False
Is (-3314)/(-4)*((-4 - -5) + 1) a composite number?
False
Let x(t) = 65*t + 6. Is x(5) composite?
False
Let q = -164 - -667. Is q a prime number?
True
Suppose 18*o - 22*o = -1524. Is o a composite number?
True
Let l = -7 - 5. Is -1*3/(l/2164) a prime number?
True
Suppose -4*z + 1457 = -1067. Is z a prime number?
True
Let f be ((-14)/(-2) + -2)*1. Suppose 4*z - f*g - 654 = 0, z + 2*g - 318 = -z. Is z composite?
True
Is 29 - -7 - 2/(-2) prime?
True
Let m = -231 + 416. Suppose 9*p = 4*p + m. Is p prime?
True
Let t = -6935 - -12048. Is t composite?
False
Suppose -7*g = b - 2*g - 20, 3*b = -g + 18. Suppose 2 = b*u + 4*n - n, -n + 3 = 4*u. Suppose -3*q + 8 = -u. Is q prime?
True
Let s(j) = 6*j**2 - 2*j - 4. Let v be s(8). Suppose v = 3*n - 1091. Is n a prime number?
False
Let q(u) = 3*u + 4. Suppose -28 = -2*s - 3*c, -4*s + 5*c - 2*c = -38. Is q(s) a composite number?
False
Is (-265 - -3 - 3/1)*-1 a composite number?
True
Suppose 3*r + r - 20 = 0. Suppose 5*f + 4*b = 2*f + 71, 59 = 2*f + r*b. Let g = 28 - f. Is g a composite number?
False
Let z = 6 + -2. Suppose -153 = -3*r - 3*t, 3*t - t = -z*r + 212. Is r a composite number?
True
Let s = 52 - 34. Let r(q) = -q**2 + 2*q + 2. Let k be r(2). Suppose 12 = k*p - s. Is p prime?
False
Let w(o) = -160*o - 9. Is w(-5) prime?
False
Let u be (-14)/(-2)*-25*1. Let p = -83 + 329. Let f = u + p. Is f prime?
True
Let h be (-4)/(-3)*(-3 - -6). Suppose 0*y + 460 = h*y. Is y prime?
False
Suppose -4 = 2*z - 4*z. Suppose -24 = 5*l - z*g, 2*l + 4*g = -2*l - 8. Is l/14 - 5649/(-49) prime?
False
Let i = 1305 - 2635. Let m(x) = x**2 + 4*x + 3. Let q be m(-2). Is q/(-3) + i/(-15) composite?
False
Let h = 1 - -2. Suppose -47 + 194 = h*l. Is l prime?
False
Let m(r) = 2 - 9*r - 20*r - 4*r + 5*r. Let i be m(4). Let l = -25 - i. Is l a composite number?
True
Let r(z) = -z**3 - z + 1759. Is r(0) prime?
True
Let m(g) = -7*g - 40. Is m(-14) a composite number?
True
Suppose 6*b - 50 = 88. Is b a prime number?
True
Let g = -39 - -61. Suppose -2*a + 3*a - g = 0. Is a composite?
True
Let j = -15 - -20. Suppose 14 = -j*q + 129. Is q a composite number?
False
Suppose -2*o = -6*u + 2*u - 58, 2*o - 48 = 2*u. Is o prime?
True
Let g(x) = 4*x**2 - 3*x + 3. Let u be (2/4)/(1/12). Suppose 5*q = 2*l + 24 - u, 0 = q + l - 5. Is g(q) a prime number?
False
Let a be (-483)/(-2) - 4/(-8). Let j = -87 + a. Suppose 7*y - 4*y = -b + j, b - y - 163 = 0. Is b a composite number?
True
Let g(w) = w**2 + 2 - 115*w**3 + 2*w + 0*w**2 + 1 - 2. Is g(-1) a prime number?
False
Suppose -51 = -2*k + 5*w, -2*k + 2*w - 3*w + 69 = 0. Suppose 3*a = 3*i - 6*i + k, 3*a = -i + 15. Is i a composite number?
True
Let k be (5/(-2))/1*26. Is k/(-3) - 2/3 a prime number?
False
Let h(d) = -d**2 - 11*d - 7. Let m = 8 - 8. Suppose 4*f = 7*f + 3*w + 6, f - 3*w + 22 = m. Is h(f) a prime number?
False
Let j(i) = -i**3 + 79. Let f(v) = -v**3 - 4*v**2 - 3*v + 2. Let c be f(-3). Let d be 0/((-3)/(-3)*c). Is j(d) a prime number?
True
Suppose 5*d - 936 = 2*d + 5*j, 5*d + 2*j - 1529 = 0. Is d a composite number?
False
Is (-8 + 6)*(-111)/2 a prime number?
False
Suppose 4*r - 4*c + 9 = 1, 0 = r - 4*c + 2. Let w(t) = -120*t**3 + t**2 + 3*t + 1. Is w(r) a composite number?
True
Suppose p - 4*q - 225 = 0, -4*p + 6*p = -5*q + 437. Is p prime?
False
Suppose -11 = -5*g - 2*d + 7, 4*g = d + 17. Let u be ((-2)/3)/((-2)/33). Let q = u - g. Is q a composite number?
False
Suppose -12*r + 211 = -11*r. Is r a prime number?
True
Suppose 5*f - 316 = 3099. Is f a prime number?
True
Let r(j) = 1009*j**2 - j + 7. Is r(-3) composite?
False
Let r = 2 + -1. Suppose 4*n = -3*k - r + 12, 2*k = -2*n + 4. Suppose n*h - 245 = -60. Is h a composite number?
False
Suppose 0 = 6*z - z - k - 6948, 2*z + k - 2775 = 0. Is z composite?
True
Suppose -400 = 7*i - 2*i. Suppose 2*q = 6*q - 4, -226 = -2*r + 4*q. Let l = r + i. Is l prime?
False
Let h = 10 - 1. Suppose 2*y + 554 = 4*u, -u + 5*y + 137 = 4*y. Let s = u